y x.
13
Let q(s) = 267*s - 1. Let d be q(1). Let h = d - 247. Suppose 4*r - 55 = -5*o, 10 + 19 = 2*r + 3*o. What is the remainder when h is divided by r?
9
Let a(o) = -o**2 + 190*o + 5875. Calculate the remainder when 41 is divided by a(-27).
9
Suppose 5*l - 10311 = -2*g, 10296 = 2*g - 53*l + 55*l. What is the remainder when g is divided by 8?
7
Suppose g - 20 = 3*x + 6, 13 = 3*g + 4*x. Let n(b) = 44*b**2 - 12*b + 29*b + 3 - 12*b. What is the remainder when n(-1) is divided by g?
9
Let x(a) = -10*a - 1. Let b be -3 - (84/20 + -5)*-70. Let n = 114 + b. Calculate the remainder when n is divided by x(-3).
26
Suppose -183 + 93 = -3*i. Suppose -9*v = -11*v + i. Calculate the remainder when v is divided by 7.
1
Suppose 170 = 3*g + y, -220 = -4*g - 52*y + 49*y. Suppose -3*w = w - 1148. Calculate the remainder when w is divided by g.
55
Let t be 2 - ((-25)/20 + 34/8). Let x(r) = -12*r**3 - 5*r - 4. What is the remainder when x(t) is divided by 9?
4
Let w(s) = 96*s + 3276. What is the remainder when 127 is divided by w(-33)?
19
Let z(v) = 7*v + 7*v - 35 - 8*v. Let h = -13 + 27. Calculate the remainder when z(h) is divided by 13.
10
Suppose -5*f + 5*r - 297 = 4*r, 3*r - 171 = 3*f. Let y = 91 + f. Suppose -4*n = -460 + 100. What is the remainder when n is divided by y?
28
Suppose 546 = -36*p + 39*p. Calculate the remainder when p is divided by 177.
5
Let u(d) = d**2 - 6*d - 31. Let x be u(10). Suppose x - 25 = -4*h. What is the remainder when ((-517)/(-44))/(1/h) is divided by 12?
11
Let q(u) = u**3 + 5*u**2 + u - 3. Let t be q(-2). Suppose t + 25 = 32*o. What is the remainder when 8 is divided by o?
0
Let m = 17100 + -15552. What is the remainder when m is divided by 218?
22
Let s = -7574 - -7660. Calculate the remainder when 1429 is divided by s.
53
Suppose 37*g = 41*g. Suppose g = 11*u - 36 - 129. Calculate the remainder when 138 is divided by u.
3
Let t be (-32 + -4)*(0 + -1). Let g = t + -53. Let d(v) = v**3 + 16*v**2 - 18*v - 14. Calculate the remainder when 4 is divided by d(g).
1
Let h = 3469 - 3375. Let a(n) = -14*n - 6. What is the remainder when h is divided by a(-4)?
44
Let h = 5165 + -1532. Calculate the remainder when h is divided by 202.
199
Suppose 0 = -3*j + 4*y + 273, -4*y + 82 = 28915*j - 28913*j. Calculate the remainder when 4/10*-354*-5 is divided by j.
69
Suppose 22*s - 27*s + 3*o = -36809, 4*s - 29443 = 3*o. Calculate the remainder when s is divided by 76.
70
Let b = 35 - 21. Let s be 6/21 - 88/b. Calculate the remainder when (-2)/s - ((-166)/6 - 8) is divided by 19.
17
Suppose 62 + 313 = 3*p. Suppose -115 = -4*j + p. What is the remainder when 131 is divided by j?
11
Let c = 32 - 23. Suppose 11*k = -11, 615*k - 616*k + 65 = 2*s. What is the remainder when s is divided by c?
6
Suppose 0 = -17*f - 3*f + 340. What is the remainder when 1902 is divided by f?
15
Let u(t) = 13*t**2 - 10*t + 11. Let o be -1 - -4 - 325/(-5). Calculate the remainder when 3/((-9)/o)*-3 is divided by u(1).
12
Let o be 360/27*12*3. Suppose 24*m - 20*m - o = 0. What is the remainder when m is divided by 25?
20
Let b be (-57)/6*2*-1. Suppose -2*l + 35 + b = 0. Let o = -145439 + 145492. What is the remainder when o is divided by l?
26
Let c = -6149 - -6734. Calculate the remainder when c is divided by 6.
3
Suppose -12 - 15 = -3*c. Let m = 14 + c. Let o = m + -20. What is the remainder when o is divided by 3?
0
Let k = 938 - 895. What is the remainder when 934 is divided by k?
31
What is the remainder when (-587)/(-19) + (-66)/99*(-21)/133 is divided by 1?
0
Suppose -4*k - 10*a + 15 = -11*a, 4*k + 2*a = 6. Suppose 0 = -2*c - 6, -6*c - 66 = -k*m - 2*c. What is the remainder when 153 is divided by m?
9
Let t(r) = -3*r + 14. Let d = 1468 + -1088. What is the remainder when d is divided by t(2)?
4
Let r(q) = -q**2 - 7*q - 6. Let o = 56 + -52. Suppose 3*v - 5 = -2*l + 22, -l - o*v + 26 = 0. Calculate the remainder when r(-4) is divided by l.
0
Suppose 0 = -0*h - 2*h + 10. Calculate the remainder when (1 - ((-60)/(-7))/20)*(-105)/(-6) is divided by 2*h/(10/8).
2
Suppose 3*p = 1 + 68. Let t be 15/(-30)*(0 + -540). Let g = t - 180. Calculate the remainder when g is divided by p.
21
Let t = -1780 + 2632. What is the remainder when 210 is divided by (-5)/((-10)/(-84))*t/(-497)?
66
Suppose 101*a = 8357 - 580. What is the remainder when 610 is divided by a?
71
Let s = -214 - -216. Suppose s*u = 2*k - 56, 3*u - u = -k + 22. Calculate the remainder when 35 is divided by k.
9
Let i = 4448 + -4408. Calculate the remainder when i is divided by 8.
0
Let d = 29 + 312. Suppose 44*x - 45 = -5*r + 47*x, -2*r - 4*x - 8 = 0. Calculate the remainder when d/33 + (-4)/3 is divided by r.
3
Let a(i) = 260*i - 679. What is the remainder when a(3) is divided by 86?
15
Let m be (74*-2)/(8/(-72)). Suppose m = 4*r - 3*r. Suppose -r = -10*y + 858. Calculate the remainder when y is divided by 20.
19
Let r(v) = v**3 - 79*v**2 - 590*v - 135. Calculate the remainder when r(86) is divided by 21.
15
Suppose 2*t = 3*t. Suppose t = 15*l - 11*l. Calculate the remainder when (0 + -1)*(l - 60) is divided by 22.
16
Let d = 66 - 24. Let g(l) = -2*l**2 - 50*l + 16. Let h be g(-25). Suppose 5*o = 5, h = 5*q - 4*q + o. Calculate the remainder when d is divided by q.
12
Let y(p) = -29*p - 72. Let x be y(-5). What is the remainder when 142 is divided by 2*2*(-9)/((-36)/x)?
69
Let k(s) = -s**3 + s**2 + 9*s - 6. Let j be k(3). Suppose j*b + a - 7 = 3*a, -4 = -2*b + 2*a. Calculate the remainder when 13 is divided by b.
1
Calculate the remainder when 887 is divided by 372/(-2)*19/(-95)*10.
143
Let m(h) = -169*h**2 - 13 + 85*h**2 + 3*h + 79*h**2 + 46*h. Let d(z) = -z**3 + 12. What is the remainder when m(9) is divided by d(0)?
11
Suppose 20 = 4*v - 4*n, 32*v - 3*n = 27*v + 31. What is the remainder when 131 is divided by v?
3
Suppose -8*y - 30 = -11*y. Suppose 14*q = 4*q - y. Calculate the remainder when 2 + (-15)/((-4 - q) + 2) is divided by 9.
8
Suppose -13*v = -11*v - 14. Calculate the remainder when (17/(68/84))/(6/4) is divided by v.
0
Let m(f) = 35*f - 68. Let z be m(2). Let t = 9 - 4. Suppose t*v - 426 = 3*h, 3*h + 159 = z*v - 2*h. What is the remainder when v is divided by 18?
15
Suppose 106*l + 86*l = 47*l + 4060. Calculate the remainder when 148 is divided by l.
8
Let h = 199 - 175. Suppose -7*w = -707 - 1624. What is the remainder when w is divided by h?
21
Let n = -22 - -22. Suppose 0 = 5*b - n*b - 530. Suppose 11*l - 414 = -b. Calculate the remainder when l is divided by 15.
13
Suppose -4*u + 17 = 2*x - 43, 0 = -5*u - x + 72. Suppose u = k - 3. What is the remainder when 64 is divided by k?
13
Let o be (234/65 - 4)/((-1)/15). Let r(m) = -11*m**2 - 3*m + 4*m**3 - 2*m**3 - 2 + 1. Calculate the remainder when r(o) is divided by 4.
1
Let i(m) = -29*m - 1609. What is the remainder when 3157 is divided by i(-59)?
97
Let o = 41 - 29. Let b = o + -9. Suppose 0 = -9*k - 68 + 77. What is the remainder when b is divided by k?
0
Let r(d) = -19*d + 11. Let a(t) = -t**3 + 47*t**2 + 50*t - 89. What is the remainder when r(-6) is divided by a(48)?
6
Let u(t) = -5*t + 2*t - 7 + 5 - 23*t**2 + 107*t**2 + 0. Let w(s) = -s**2 + s - 1. Let f be w(0). What is the remainder when u(f) is divided by 24?
13
Let b = -359 - -363. Calculate the remainder when 595 is divided by b/(7 - 3) - (3 + -25).
20
Let d = -247 - -247. Suppose d = -104*n + 100*n + 548. What is the remainder when n is divided by 47?
43
Suppose -199 - 36 = -5*p. Let n = 52 - p. Suppose n*g = 4*s - 9 - 6, 5*g = -s + 35. What is the remainder when 39 is divided by s?
9
What is the remainder when (6/(-5))/(29/((-10875)/6)) is divided by 32?
11
Let b = 105 + -68. Suppose 0*f - 10*f = -1370. Let u = -124 + f. What is the remainder when b is divided by u?
11
What is the remainder when 503 is divided by ((-1729)/42)/(24/(-144))?
9
Let v(f) = -f**3 + 2*f + 389. Let d be v(0). Let x = d - 230. Calculate the remainder when x is divided by 23.
21
Suppose -1 + 12 = q. Let s(g) = g**2 + 5*g + 14. Let n be s(-8). Let a = 59 - n. What is the remainder when a is divided by q?
10
Let g(v) = -17*v**3 + 5*v**2 - 18*v - 85. Calculate the remainder when g(-3) is divided by 158.
157
What is the remainder when (20/5 + 2)/(-2 - (-1528)/752) is divided by 137?
51
Let t(k) = -k**2 - 27*k 